or of n and 9?
9
Suppose 0 = -5*z + 2*k + 196 + 276, -z + 4*k = -80. Suppose 3*f = f + z. Calculate the greatest common factor of f and 72.
24
Let o be 2/6*(-8 - -14). Let j = 4 - o. Let v(h) = h**3 - 4*h**2 - h + 5. Let m be v(4). Calculate the highest common divisor of j and m.
1
Let m = 56 + 10. Calculate the highest common factor of 6 and m.
6
Let f(q) = -q**3 - 12*q**2 - 17*q + 9. Let y be f(-12). Let c be 1 + (-2)/((-6)/y). What is the greatest common factor of 8 and c?
8
Suppose -g + 0 + 81 = 0. Suppose -g + 15 = -m. What is the greatest common divisor of m and 44?
22
Let p = -22 - -36. What is the highest common divisor of 2 and p?
2
Let z be 430/8 - (-1)/4. Let h = 0 + z. What is the greatest common factor of 6 and h?
6
Suppose 0 = 4*t - 4. Let m be (t/(-3))/(6/(-54)). What is the greatest common factor of m and 12?
3
Let i be ((-61)/9)/(-1) - (-46)/207. What is the greatest common factor of 91 and i?
7
Let t = 10 - -2. Let g(k) = k**2 - 6*k - 7. Let p be g(-5). Calculate the highest common factor of p and t.
12
Let v = -1 - -4. Suppose 0 = -2*h + v*h. Suppose 3*m = -z, h*z - 4*m - 76 = -5*z. What is the highest common divisor of z and 30?
6
Suppose -5*g + 310 + 126 = v, g = -4*v + 72. Calculate the greatest common factor of 22 and g.
22
Let s = 22 + -15. Let u = -2 + -4. Let x be 2/5 + u/(-10). What is the highest common factor of s and x?
1
Suppose -3*v + 2*x + 21 = 0, 3*x + 1 = 2*v - 8. Let a = v - 4. Suppose a*h - 22 = -p, 4*h + 0 = -3*p + 33. Calculate the highest common factor of p and 1.
1
Suppose -3*a - 3*i - 69 = -5*a, 5*i = 15. Let o = a - -63. Suppose o = 2*u + u. What is the highest common factor of u and 51?
17
Suppose -i + 5*c + 40 = -52, 4*i - 2*c = 314. Suppose 3*g - g + 6 = 4*s, -6 = -2*g. Suppose -s*w - 15 = -48. What is the highest common divisor of w and i?
11
Let l(m) = 3*m**2 + 8*m + 7. Let z be l(-3). Calculate the highest common divisor of 25 and z.
5
Suppose 3*h - 2*w = 186, -h + 5*w + 112 = 37. What is the greatest common factor of h and 20?
20
Let n(y) = -y**2 - 7*y + 2. Suppose 34 = -5*r - 2*p + p, -2*r - 5*p = 9. Let w be n(r). Suppose -2 = -w*c + 10. Calculate the highest common factor of 2 and c.
2
Suppose 2*b + 8 = 30. Let z be b - (0 - (-1 + 1)). Calculate the greatest common factor of z and 11.
11
Suppose -138*t + 10 = -133*t. What is the greatest common divisor of t and 1?
1
Suppose -17*o = -7*o - 1850. What is the highest common divisor of 37 and o?
37
Let d be (-33)/(4/1 + -5). Let f = -15 + d. What is the highest common divisor of 6 and f?
6
Suppose 3*i - 117 = -5*f, -f + 25 + 3 = -4*i. Let l be 3/15 - 833/(-35). Calculate the highest common factor of l and f.
24
Suppose 2*y - 4*i = 276, -3*y + 5*i = -0*y - 409. Suppose -3*w - z = -48, 7*z - 64 = -4*w + 3*z. What is the greatest common divisor of y and w?
16
Suppose 6*q - 45 + 15 = 0. Calculate the highest common factor of 1 and q.
1
Let v(m) = -m + 30. Let k be v(0). What is the greatest common factor of 15 and k?
15
Let a = -3 - -7. Suppose r - 5*z = 4*r - 49, 0 = -z + 2. Let p = a + r. What is the highest common divisor of 153 and p?
17
Let j(l) = -l + 5. Let v be j(0). Let n = v + -9. Let u(f) = -3*f - 1. Let r be u(n). Calculate the highest common factor of r and 77.
11
Let g(s) = 4*s - 1 + 0*s - 2. Suppose -2*o - 2*h = 2*o, 4*o = 5*h + 28. Let i be g(o). What is the greatest common factor of i and 10?
5
Suppose 8 = 2*b + 2*r, -b - 6*r = -2*r + 2. Let k be 112/b*(0 - -3). What is the greatest common factor of k and 14?
14
Let d(l) = 3*l**2 - 4*l - 2. Suppose x + 4 - 11 = 0. Let w be d(x). Let r = -6 - -19. What is the greatest common factor of r and w?
13
Let t(m) = -m**2 - m + 2. Let d be t(0). Suppose 0*x = -d*x + 72. Suppose -2*a + 5 = -7. Calculate the greatest common divisor of x and a.
6
Let n(m) = -m**3 - 2*m**2 - 2*m - 2. Let h be n(-2). Let l be (-16 - 2)*h/(-4). What is the highest common factor of l and 6?
3
Suppose 45 = -14*b + 17*b. Calculate the greatest common factor of 105 and b.
15
Suppose 0 = 4*s + c - 81, -s + 7 = -2*c - 2. What is the highest common factor of s and 152?
19
Let r(q) = 104*q**2 - q + 2. Let j be r(1). Calculate the greatest common divisor of 15 and j.
15
Let z(c) = c**2 - c + 90. Let h be z(0). Suppose 6*x - h = x. Let d = -46 + 73. What is the highest common divisor of d and x?
9
Let q be 24/4 + 4*-1. What is the highest common divisor of q and 14?
2
Suppose -h = -u - 21 - 74, -4*h + 5*u = -376. Suppose -3*o = -p + 11, o = 2*p - 3*p + 11. Calculate the greatest common divisor of h and p.
11
Let w(b) = b**3 - 2*b**2 - 5. Let k be w(3). What is the greatest common factor of k and 32?
4
Suppose -18 = -4*o + 7*o. Let z(s) = s**3 + 7*s**2 + 2*s - 1. Let n be z(o). Suppose n + 19 = v. What is the greatest common divisor of 6 and v?
6
Let b = 25 + -2. What is the highest common factor of b and 207?
23
Let q(a) be the first derivative of 3*a**2 - 6*a - 3. Let r be q(5). Let s(k) = k**2 + 5*k - 8. Let t be s(-7). Calculate the highest common divisor of r and t.
6
Let q be (1 + 0)*-1 + 4. Suppose 35 = 5*z - 0*n - n, -z + 23 = q*n. What is the greatest common factor of z and 4?
4
Let o = 14 + -10. Suppose -21 = -o*g - 3*q, 6*g - 4*g = -q + 9. Suppose g*s + 0 = 6. What is the highest common divisor of s and 2?
2
Let f(m) = -2*m**2 - 24*m + 28. Let u be f(-13). Calculate the highest common divisor of u and 2.
2
Suppose -10 = -4*q - 42. Let t = -36 + 21. Let v = q - t. What is the highest common divisor of v and 56?
7
Let q be 50/18 - 2/(-9). Suppose 0 = s + 2*s + 75. Let y be q*(-2 - (2 + s)). Calculate the greatest common factor of 9 and y.
9
Suppose 0*b + 896 = 4*b. Calculate the greatest common divisor of 32 and b.
32
Let f be ((-460)/40)/((-2)/4). What is the greatest common divisor of f and 161?
23
Suppose -132 = -v + 18. Suppose -4*i + v = -114. Calculate the highest common divisor of i and 6.
6
Let s(v) = v**3 - 6*v**2 + v - 4. Let y be s(6). Let m be ((-2)/(-4))/(y/52). Calculate the highest common factor of 13 and m.
13
Suppose -7*s + 25 = -2*s. Suppose 2*v - 5*j - 63 + 14 = 0, -4*v + 23 = s*j. Let b = 13 - 7. What is the greatest common factor of b and v?
6
Let n = 15 + -12. Calculate the greatest common divisor of n and 3.
3
Suppose 4*n + 7 - 15 = 0. Let b be ((-11)/2)/(n/(-4)). Let s be -2 - (-48 + 4 + -2). What is the highest common divisor of s and b?
11
Suppose 0*x - 2*x = -3*s + 488, -4*x + 464 = 3*s. What is the highest common divisor of 64 and s?
32
Suppose 0 = -20*f + 25*f - 90. What is the highest common factor of f and 30?
6
Suppose 0 = -j - 1, 2*m + 2*j + j - 17 = 0. Let q = 154 + -84. Calculate the highest common divisor of q and m.
10
Let v be ((-15)/2)/(1/(-2)). Calculate the greatest common divisor of v and 6.
3
Let t(y) be the third derivative of -y**5/60 + y**4/24 + 25*y**3/2 + 4*y**2. Let o be t(0). What is the greatest common factor of 50 and o?
25
Let i(a) = -a**3 + 6*a**2 - 4. Let x be i(5). Let l = 39 - x. Calculate the greatest common factor of 27 and l.
9
Suppose -70 = -4*u - 10. What is the greatest common factor of u and 10?
5
Suppose 30 = 12*i - 7*i. What is the greatest common factor of i and 18?
6
Let p be (-4)/10 - 889/(-35). What is the highest common factor of p and 25?
25
Suppose -100 = 5*k + 4*g, -g = 4*k + 44 + 25. Let n be (k - -1)/(2 + -3). What is the greatest common factor of n and 75?
15
Let t be (-1 - 39)*(-3)/4. Suppose 3*d - 39 = 2*z - 4*z, -5*d = 4*z - 73. Calculate the highest common divisor of t and z.
6
Let v be -44*(0 + 1/2). Let p be 976/44 + 4/v. Calculate the highest common factor of p and 33.
11
Let x be (-6)/(-2)*(-4 - -6). Let q be (88/x)/((-3)/(-18)). Suppose 0 = 4*d + s - 39, 4*d + s - 24 = -3*s. What is the greatest common factor of q and d?
11
Let o = 409 + -209. Calculate the greatest common divisor of 25 and o.
25
Suppose -2 = -4*x + a - 6, -3*a + 12 = x. Let j = 14 - x. Calculate the highest common factor of j and 2.
2
Suppose 58 = -14*n + 758. Suppose 4*v = -u + 16, 4*u - v = -1 + 82. What is the greatest common factor of n and u?
10
Let f be -4 + 10/5 - -18. What is the greatest common factor of 208 and f?
16
Suppose -39 = 2*n - 11. Let f = 25 + n. What is the greatest common divisor of 11 and f?
11
Suppose -26 = -2*k - 3*x - 0*x, -4*k + 8 = 